{"id":10797,"date":"2019-07-21T12:08:36","date_gmt":"2019-07-21T10:08:36","guid":{"rendered":"http:\/\/limogesabc.com\/?page_id=10797"},"modified":"2023-02-16T21:34:12","modified_gmt":"2023-02-16T20:34:12","slug":"u13-region","status":"publish","type":"page","link":"https:\/\/limogesabc.com\/index.php\/u13-region\/","title":{"rendered":"U13 Nouvelle-Aquitaine"},"content":{"rendered":"<p style=\"text-align: center;\"><img fetchpriority=\"high\" decoding=\"async\" class=\"alignnone wp-image-17506 size-full\" src=\"https:\/\/limogesabc.com\/wp-content\/uploads\/2022\/11\/U13-1_2022-2023.jpg\" alt=\"\" width=\"1181\" height=\"886\" srcset=\"https:\/\/limogesabc.com\/wp-content\/uploads\/2022\/11\/U13-1_2022-2023.jpg 1181w, https:\/\/limogesabc.com\/wp-content\/uploads\/2022\/11\/U13-1_2022-2023-300x225.jpg 300w, https:\/\/limogesabc.com\/wp-content\/uploads\/2022\/11\/U13-1_2022-2023-1024x768.jpg 1024w, https:\/\/limogesabc.com\/wp-content\/uploads\/2022\/11\/U13-1_2022-2023-150x113.jpg 150w, https:\/\/limogesabc.com\/wp-content\/uploads\/2022\/11\/U13-1_2022-2023-768x576.jpg 768w, https:\/\/limogesabc.com\/wp-content\/uploads\/2022\/11\/U13-1_2022-2023-400x300.jpg 400w\" sizes=\"(max-width: 1181px) 100vw, 1181px\" \/><\/p>\n<table class=\" aligncenter\" style=\"height: 335px; width: 39.7941%;\">\n<tbody>\n<tr>\n<td style=\"text-align: left; width: 596px;\"><strong>Debout, de gauche \u00e0 droite : Romain Chabrillanges (coach), Khedidja Khelifa (OTM), Fabienne Boucherk (responsable d\u2019\u00e9quipe), Elsa Malfois, Ana\u00efs Troubat, Aimelle Boucherk, Dj\u00e9n\u00e9ba Diawara, Tessana\u00e9 Serra-Breton, Emma Paris (OTM), V\u00e9ronique Troubat (responsable d\u2019\u00e9quipe)<\/strong><\/p>\n<p><strong>Accroupies, de gauche \u00e0 droite : Anna Bouyoux, Hannah Baah, Oc\u00e9ane Giry, Jade Sirat, <\/strong><strong>Morgane Paris, Zo\u00eb Allix.<\/strong><\/p>\n<p><strong>Absente sur la photo : Ga\u00eblle Bouyoux (OTM)<\/strong><\/td>\n<\/tr>\n<\/tbody>\n<\/table>\n<p>&nbsp;<\/p>\n<p>&nbsp;<\/p>\n","protected":false},"excerpt":{"rendered":"<p>Debout, de gauche \u00e0 droite : Romain Chabrillanges (coach), Khedidja Khelifa (OTM), Fabienne Boucherk (responsable d\u2019\u00e9quipe), Elsa Malfois, Ana\u00efs Troubat, Aimelle Boucherk, Dj\u00e9n\u00e9ba Diawara, Tessana\u00e9 Serra-Breton, Emma Paris (OTM), V\u00e9ronique Troubat (responsable d\u2019\u00e9quipe) Accroupies, de gauche \u00e0 droite : Anna Bouyoux, Hannah Baah, Oc\u00e9ane Giry, Jade Sirat, Morgane Paris, Zo\u00eb Allix. Absente sur la photo&#8230; <\/p>\n<div class=\"clear\"><\/div>\n<p><a href=\"https:\/\/limogesabc.com\/index.php\/u13-region\/\" class=\"excerpt-read-more\">Lire plus<\/a><\/p>\n","protected":false},"author":3,"featured_media":0,"parent":0,"menu_order":0,"comment_status":"closed","ping_status":"closed","template":"","meta":{"_mi_skip_tracking":false,"_exactmetrics_sitenote_active":false,"_exactmetrics_sitenote_note":"","_exactmetrics_sitenote_category":0,"_monsterinsights_skip_tracking":false,"_monsterinsights_sitenote_active":false,"_monsterinsights_sitenote_note":"","_monsterinsights_sitenote_category":0,"footnotes":""},"class_list":["post-10797","page","type-page","status-publish","hentry"],"aioseo_notices":[],"_links":{"self":[{"href":"https:\/\/limogesabc.com\/index.php\/wp-json\/wp\/v2\/pages\/10797","targetHints":{"allow":["GET"]}}],"collection":[{"href":"https:\/\/limogesabc.com\/index.php\/wp-json\/wp\/v2\/pages"}],"about":[{"href":"https:\/\/limogesabc.com\/index.php\/wp-json\/wp\/v2\/types\/page"}],"author":[{"embeddable":true,"href":"https:\/\/limogesabc.com\/index.php\/wp-json\/wp\/v2\/users\/3"}],"replies":[{"embeddable":true,"href":"https:\/\/limogesabc.com\/index.php\/wp-json\/wp\/v2\/comments?post=10797"}],"version-history":[{"count":10,"href":"https:\/\/limogesabc.com\/index.php\/wp-json\/wp\/v2\/pages\/10797\/revisions"}],"predecessor-version":[{"id":18207,"href":"https:\/\/limogesabc.com\/index.php\/wp-json\/wp\/v2\/pages\/10797\/revisions\/18207"}],"wp:attachment":[{"href":"https:\/\/limogesabc.com\/index.php\/wp-json\/wp\/v2\/media?parent=10797"}],"curies":[{"name":"wp","href":"https:\/\/api.w.org\/{rel}","templated":true}]}}