{"id":15777,"date":"2022-04-20T21:17:20","date_gmt":"2022-04-20T19:17:20","guid":{"rendered":"http:\/\/limogesabc.com\/?page_id=15777"},"modified":"2023-02-27T11:43:58","modified_gmt":"2023-02-27T10:43:58","slug":"u15-inter-departement-2","status":"publish","type":"page","link":"https:\/\/limogesabc.com\/index.php\/equipes\/u15-inter-departement-2\/","title":{"rendered":"U15 D\u00e9partement"},"content":{"rendered":"<h3 style=\"text-align: center;\"><\/h3>\n<p style=\"text-align: center;\"><img fetchpriority=\"high\" decoding=\"async\" class=\"alignnone wp-image-18347 size-full\" src=\"https:\/\/limogesabc.com\/wp-content\/uploads\/2023\/02\/U15D_2022-2023.jpg\" alt=\"\" width=\"1536\" height=\"1044\" srcset=\"https:\/\/limogesabc.com\/wp-content\/uploads\/2023\/02\/U15D_2022-2023.jpg 1536w, https:\/\/limogesabc.com\/wp-content\/uploads\/2023\/02\/U15D_2022-2023-300x204.jpg 300w, https:\/\/limogesabc.com\/wp-content\/uploads\/2023\/02\/U15D_2022-2023-1024x696.jpg 1024w, https:\/\/limogesabc.com\/wp-content\/uploads\/2023\/02\/U15D_2022-2023-150x102.jpg 150w, https:\/\/limogesabc.com\/wp-content\/uploads\/2023\/02\/U15D_2022-2023-768x522.jpg 768w\" sizes=\"(max-width: 1536px) 100vw, 1536px\" \/><\/p>\n<table class=\" aligncenter\" style=\"height: 528px; width: 65.3216%;\">\n<tbody>\n<tr>\n<td style=\"text-align: left; width: 100%;\"><strong>Devant accroupies de gauche \u00e0 droite :<\/strong> SAHNA Adji-Sir\u00e9, VAGUEBLASSE Elisa, BONNETAUD Alyssa, BOURIQUET Laeli, DIABY Mariama<\/p>\n<p><strong>Debout de gauche \u00e0 droite :<\/strong> DRAME Khadiatou, LECOMTE Deana, RAIRART Eloane, BOURICHA\/COURNIL Louise, BOISSOU Axelle, RANOUIL Mila, DIABY Macir\u00e9, KA Mareme.<\/p>\n<p><strong>\u00c9quipe encadrement de gauche \u00e0 droite :<\/strong> BOISSOU Ang\u00e9lique (responsable d\u2019\u00e9quipe), GUINARD Sophie (responsable d\u2019\u00e9quipe \/ OTM), BONNETAUD Olivier (assistant coach), VAGUEBLASSE Eddy (OTM), BOURIQUET Thomas (responsable d\u2019\u00e9quipe), DUCHER David (coach).<\/p>\n<p><strong>Absente sur la photo :<\/strong> JABI Fatoumata<\/td>\n<\/tr>\n<\/tbody>\n<\/table>\n<p>&nbsp;<\/p>\n<p>&nbsp;<\/p>\n<p style=\"text-align: center;\">\n","protected":false},"excerpt":{"rendered":"<p>Devant accroupies de gauche \u00e0 droite : SAHNA Adji-Sir\u00e9, VAGUEBLASSE Elisa, BONNETAUD Alyssa, BOURIQUET Laeli, DIABY Mariama Debout de gauche \u00e0 droite : DRAME Khadiatou, LECOMTE Deana, RAIRART Eloane, BOURICHA\/COURNIL Louise, BOISSOU Axelle, RANOUIL Mila, DIABY Macir\u00e9, KA Mareme. \u00c9quipe encadrement de gauche \u00e0 droite : BOISSOU Ang\u00e9lique (responsable d\u2019\u00e9quipe), GUINARD Sophie (responsable d\u2019\u00e9quipe \/&#8230; <\/p>\n<div class=\"clear\"><\/div>\n<p><a href=\"https:\/\/limogesabc.com\/index.php\/equipes\/u15-inter-departement-2\/\" class=\"excerpt-read-more\">Lire plus<\/a><\/p>\n","protected":false},"author":3,"featured_media":0,"parent":3875,"menu_order":0,"comment_status":"closed","ping_status":"closed","template":"","meta":{"_mi_skip_tracking":false,"_exactmetrics_sitenote_active":false,"_exactmetrics_sitenote_note":"","_exactmetrics_sitenote_category":0,"_monsterinsights_skip_tracking":false,"_monsterinsights_sitenote_active":false,"_monsterinsights_sitenote_note":"","_monsterinsights_sitenote_category":0,"footnotes":""},"class_list":["post-15777","page","type-page","status-publish","hentry"],"aioseo_notices":[],"_links":{"self":[{"href":"https:\/\/limogesabc.com\/index.php\/wp-json\/wp\/v2\/pages\/15777","targetHints":{"allow":["GET"]}}],"collection":[{"href":"https:\/\/limogesabc.com\/index.php\/wp-json\/wp\/v2\/pages"}],"about":[{"href":"https:\/\/limogesabc.com\/index.php\/wp-json\/wp\/v2\/types\/page"}],"author":[{"embeddable":true,"href":"https:\/\/limogesabc.com\/index.php\/wp-json\/wp\/v2\/users\/3"}],"replies":[{"embeddable":true,"href":"https:\/\/limogesabc.com\/index.php\/wp-json\/wp\/v2\/comments?post=15777"}],"version-history":[{"count":10,"href":"https:\/\/limogesabc.com\/index.php\/wp-json\/wp\/v2\/pages\/15777\/revisions"}],"predecessor-version":[{"id":18380,"href":"https:\/\/limogesabc.com\/index.php\/wp-json\/wp\/v2\/pages\/15777\/revisions\/18380"}],"up":[{"embeddable":true,"href":"https:\/\/limogesabc.com\/index.php\/wp-json\/wp\/v2\/pages\/3875"}],"wp:attachment":[{"href":"https:\/\/limogesabc.com\/index.php\/wp-json\/wp\/v2\/media?parent=15777"}],"curies":[{"name":"wp","href":"https:\/\/api.w.org\/{rel}","templated":true}]}}