{"id":3919,"date":"2018-01-08T13:59:10","date_gmt":"2018-01-08T13:59:10","guid":{"rendered":"http:\/\/limogesabc.com\/?page_id=3919"},"modified":"2024-02-19T11:39:33","modified_gmt":"2024-02-19T10:39:33","slug":"labc-club-partenaires","status":"publish","type":"page","link":"https:\/\/limogesabc.com\/index.php\/labc-club-partenaires\/","title":{"rendered":"LABC Club Partenaires"},"content":{"rendered":"\t\t<div data-elementor-type=\"wp-page\" data-elementor-id=\"3919\" class=\"elementor elementor-3919\">\n\t\t\t\t\t\t\t<div class=\"elementor-element elementor-element-d571571 e-flex e-con-boxed e-con e-parent\" data-id=\"d571571\" data-element_type=\"container\" data-settings=\"{&quot;container_type&quot;:&quot;flex&quot;,&quot;content_width&quot;:&quot;boxed&quot;}\" data-core-v316-plus=\"true\">\n\t\t\t\t\t<div class=\"e-con-inner\">\n\t\t\t\t<div class=\"elementor-element elementor-element-ba78d88 elementor-widget elementor-widget-image\" data-id=\"ba78d88\" data-element_type=\"widget\" data-widget_type=\"image.default\">\n\t\t\t\t<div class=\"elementor-widget-container\">\n\t\t\t<style>\/*! elementor - v3.18.0 - 29-11-2023 *\/\n.elementor-widget-image{text-align:center}.elementor-widget-image a{display:inline-block}.elementor-widget-image a img[src$=\".svg\"]{width:48px}.elementor-widget-image img{vertical-align:middle;display:inline-block}<\/style>\t\t\t\t\t\t\t\t\t\t\t\t<img fetchpriority=\"high\" decoding=\"async\" width=\"750\" height=\"330\" src=\"https:\/\/limogesabc.com\/wp-content\/uploads\/2024\/02\/1-e1708339108234-750x330.jpg\" class=\"attachment-post-thumbnail-size size-post-thumbnail-size wp-image-21823\" alt=\"\" \/>\t\t\t\t\t\t\t\t\t\t\t\t\t\t\t<\/div>\n\t\t\t\t<\/div>\n\t\t\t\t<div class=\"elementor-element elementor-element-feae73b elementor-widget elementor-widget-spacer\" data-id=\"feae73b\" data-element_type=\"widget\" data-widget_type=\"spacer.default\">\n\t\t\t\t<div class=\"elementor-widget-container\">\n\t\t\t<style>\/*! elementor - v3.18.0 - 29-11-2023 *\/\n.elementor-column .elementor-spacer-inner{height:var(--spacer-size)}.e-con{--container-widget-width:100%}.e-con-inner>.elementor-widget-spacer,.e-con>.elementor-widget-spacer{width:var(--container-widget-width,var(--spacer-size));--align-self:var(--container-widget-align-self,initial);--flex-shrink:0}.e-con-inner>.elementor-widget-spacer>.elementor-widget-container,.e-con>.elementor-widget-spacer>.elementor-widget-container{height:100%;width:100%}.e-con-inner>.elementor-widget-spacer>.elementor-widget-container>.elementor-spacer,.e-con>.elementor-widget-spacer>.elementor-widget-container>.elementor-spacer{height:100%}.e-con-inner>.elementor-widget-spacer>.elementor-widget-container>.elementor-spacer>.elementor-spacer-inner,.e-con>.elementor-widget-spacer>.elementor-widget-container>.elementor-spacer>.elementor-spacer-inner{height:var(--container-widget-height,var(--spacer-size))}.e-con-inner>.elementor-widget-spacer.elementor-widget-empty,.e-con>.elementor-widget-spacer.elementor-widget-empty{position:relative;min-height:22px;min-width:22px}.e-con-inner>.elementor-widget-spacer.elementor-widget-empty .elementor-widget-empty-icon,.e-con>.elementor-widget-spacer.elementor-widget-empty .elementor-widget-empty-icon{position:absolute;top:0;bottom:0;left:0;right:0;margin:auto;padding:0;width:22px;height:22px}<\/style>\t\t<div class=\"elementor-spacer\">\n\t\t\t<div class=\"elementor-spacer-inner\"><\/div>\n\t\t<\/div>\n\t\t\t\t<\/div>\n\t\t\t\t<\/div>\n\t\t\t\t<div class=\"elementor-element elementor-element-e4c3eea elementor-widget elementor-widget-text-editor\" data-id=\"e4c3eea\" data-element_type=\"widget\" data-widget_type=\"text-editor.default\">\n\t\t\t\t<div class=\"elementor-widget-container\">\n\t\t\t<style>\/*! elementor - v3.18.0 - 29-11-2023 *\/\n.elementor-widget-text-editor.elementor-drop-cap-view-stacked .elementor-drop-cap{background-color:#69727d;color:#fff}.elementor-widget-text-editor.elementor-drop-cap-view-framed .elementor-drop-cap{color:#69727d;border:3px solid;background-color:transparent}.elementor-widget-text-editor:not(.elementor-drop-cap-view-default) .elementor-drop-cap{margin-top:8px}.elementor-widget-text-editor:not(.elementor-drop-cap-view-default) .elementor-drop-cap-letter{width:1em;height:1em}.elementor-widget-text-editor .elementor-drop-cap{float:left;text-align:center;line-height:1;font-size:50px}.elementor-widget-text-editor .elementor-drop-cap-letter{display:inline-block}<\/style>\t\t\t\t<p style=\"text-align: center;\"><strong><em>Vous souhaitez d\u00e9velopper votre r\u00e9seau professionnel pour dynamiser votre activit\u00e9 ? Vous souhaitez rencontrer de potentiels nouveaux clients dans un cadre chaleureux et allier l&#8217;utile \u00e0 l&#8217;agr\u00e9able ?<\/em><\/strong><\/p><p>Rejoignez le Club partenaire du Limoges ABC ! Ses membres actifs vous aideront dans vos d\u00e9marches ! R\u00e9unions, soir\u00e9es, d\u00e9placements, tournois&#8230; Les actions ne manquent pas pour cr\u00e9er un v\u00e9ritable lien entre les partenaires et faciliter les prises de contacts professionnels.<\/p><p>Quelques exemples d&#8217;activit\u00e9s r\u00e9centes : Tournoi 3&#215;3 inter-entreprises, Laser Game, Karting, Brunch et Golf, D\u00e9placements avec l&#8217;\u00e9quipe, Calendrier d&#8217;\u00e9quipe &#8230; et tous les ans, la traditionnelle Galette offerte au public lors du premier match \u00e0 domicile au mois de Janvier&#8230; La convivialit\u00e9, \u00e7a se d\u00e9guste !<\/p><p><strong>Co-Pr\u00e9sidence :<\/strong> Anne-Claire Baudry (Sensuitiv L&#8217;institut) et Pascal Spitz (Drone 87)<\/p><p>\u00a0<\/p><p style=\"text-align: center;\">N&#8217;h\u00e9sitez pas \u00e0 rejoindre le Club Partenaire du Limoges ABC. Unissons-nous pour avancer <em><strong>ENSEMBLE !<\/strong><\/em><\/p>\t\t\t\t\t\t<\/div>\n\t\t\t\t<\/div>\n\t\t\t\t\t<\/div>\n\t\t\t\t<\/div>\n\t\t<div class=\"elementor-element elementor-element-8c15989 e-flex e-con-boxed e-con e-parent\" data-id=\"8c15989\" data-element_type=\"container\" data-settings=\"{&quot;container_type&quot;:&quot;flex&quot;,&quot;content_width&quot;:&quot;boxed&quot;}\" data-core-v316-plus=\"true\">\n\t\t\t\t\t<div class=\"e-con-inner\">\n\t\t\t\t\t<\/div>\n\t\t\t\t<\/div>\n\t\t\t\t\t\t\t<\/div>\n\t\t","protected":false},"excerpt":{"rendered":"<p>Vous souhaitez d\u00e9velopper votre r\u00e9seau professionnel pour dynamiser votre activit\u00e9 ? Vous souhaitez rencontrer de potentiels nouveaux clients dans un cadre chaleureux et allier l&#8217;utile \u00e0 l&#8217;agr\u00e9able ? Rejoignez le Club partenaire du Limoges ABC ! Ses membres actifs vous aideront dans vos d\u00e9marches ! R\u00e9unions, soir\u00e9es, d\u00e9placements, tournois&#8230; Les actions ne manquent pas pour&#8230; <\/p>\n<div class=\"clear\"><\/div>\n<p><a href=\"https:\/\/limogesabc.com\/index.php\/labc-club-partenaires\/\" class=\"excerpt-read-more\">Lire plus<\/a><\/p>\n","protected":false},"author":1,"featured_media":0,"parent":0,"menu_order":0,"comment_status":"closed","ping_status":"closed","template":"","meta":{"_mi_skip_tracking":false,"_exactmetrics_sitenote_active":false,"_exactmetrics_sitenote_note":"","_exactmetrics_sitenote_category":0,"_monsterinsights_skip_tracking":false,"_monsterinsights_sitenote_active":false,"_monsterinsights_sitenote_note":"","_monsterinsights_sitenote_category":0,"footnotes":""},"class_list":["post-3919","page","type-page","status-publish","hentry"],"aioseo_notices":[],"_links":{"self":[{"href":"https:\/\/limogesabc.com\/index.php\/wp-json\/wp\/v2\/pages\/3919","targetHints":{"allow":["GET"]}}],"collection":[{"href":"https:\/\/limogesabc.com\/index.php\/wp-json\/wp\/v2\/pages"}],"about":[{"href":"https:\/\/limogesabc.com\/index.php\/wp-json\/wp\/v2\/types\/page"}],"author":[{"embeddable":true,"href":"https:\/\/limogesabc.com\/index.php\/wp-json\/wp\/v2\/users\/1"}],"replies":[{"embeddable":true,"href":"https:\/\/limogesabc.com\/index.php\/wp-json\/wp\/v2\/comments?post=3919"}],"version-history":[{"count":10,"href":"https:\/\/limogesabc.com\/index.php\/wp-json\/wp\/v2\/pages\/3919\/revisions"}],"predecessor-version":[{"id":21826,"href":"https:\/\/limogesabc.com\/index.php\/wp-json\/wp\/v2\/pages\/3919\/revisions\/21826"}],"wp:attachment":[{"href":"https:\/\/limogesabc.com\/index.php\/wp-json\/wp\/v2\/media?parent=3919"}],"curies":[{"name":"wp","href":"https:\/\/api.w.org\/{rel}","templated":true}]}}